{"id":213,"date":"2023-07-12T19:32:14","date_gmt":"2023-07-12T17:32:14","guid":{"rendered":"http:\/\/atelierdelamaingauche.fr\/?page_id=213"},"modified":"2026-02-16T11:14:03","modified_gmt":"2026-02-16T10:14:03","slug":"stage-de-maniere-noire","status":"publish","type":"page","link":"http:\/\/atelierdelamaingauche.fr\/index.php\/stages\/stage-de-maniere-noire\/","title":{"rendered":"Stage de mani\u00e8re noire"},"content":{"rendered":"\n<div class=\"wp-block-columns is-layout-flex wp-container-core-columns-is-layout-28f84493 wp-block-columns-is-layout-flex\">\n<div class=\"wp-block-column is-layout-flow wp-block-column-is-layout-flow\" style=\"flex-basis:33.33%\">\n<figure class=\"wp-block-image size-large\"><img fetchpriority=\"high\" decoding=\"async\" width=\"1024\" height=\"1024\" src=\"http:\/\/atelierdelamaingauche.fr\/wp-content\/uploads\/2023\/07\/compagnon-dame_ximenadeLeonLucero-edited-1024x1024.jpg\" alt=\"\" class=\"wp-image-198\" srcset=\"http:\/\/atelierdelamaingauche.fr\/wp-content\/uploads\/2023\/07\/compagnon-dame_ximenadeLeonLucero-edited-1024x1024.jpg 1024w, http:\/\/atelierdelamaingauche.fr\/wp-content\/uploads\/2023\/07\/compagnon-dame_ximenadeLeonLucero-edited-300x300.jpg 300w, http:\/\/atelierdelamaingauche.fr\/wp-content\/uploads\/2023\/07\/compagnon-dame_ximenadeLeonLucero-edited-150x150.jpg 150w, http:\/\/atelierdelamaingauche.fr\/wp-content\/uploads\/2023\/07\/compagnon-dame_ximenadeLeonLucero-edited-768x768.jpg 768w, http:\/\/atelierdelamaingauche.fr\/wp-content\/uploads\/2023\/07\/compagnon-dame_ximenadeLeonLucero-edited-1170x1170.jpg 1170w, http:\/\/atelierdelamaingauche.fr\/wp-content\/uploads\/2023\/07\/compagnon-dame_ximenadeLeonLucero-edited.jpg 1500w\" sizes=\"(max-width: 1024px) 100vw, 1024px\" \/><\/figure>\n\n\n\n<p><strong>Week-end du 27 et 28 juin 2026<\/strong><\/p>\n<\/div>\n\n\n\n<div class=\"wp-block-column is-layout-flow wp-block-column-is-layout-flow\" style=\"flex-basis:66.66%\">\n<div class=\"wp-block-group is-layout-constrained wp-block-group-is-layout-constrained\">\n<div class=\"wp-block-group is-layout-constrained wp-container-core-group-is-layout-19e250f3 wp-block-group-is-layout-constrained\">\n<p>L&#8217;Atelier de la Main Gauche propose un stage de pratique de la mani\u00e8re noire avec Ximena.<\/p>\n<\/div>\n\n\n\n<p><\/p>\n\n\n\n<div class=\"wp-block-group is-layout-constrained wp-container-core-group-is-layout-19e250f3 wp-block-group-is-layout-constrained\">\n<p><em>Attention, il est imp\u00e9ratif d&#8217;avoir d\u00e9j\u00e0 quelques bases de gravure en taille-douce pour participer \u00e0 ce stage.<\/em><\/p>\n<\/div>\n\n\n\n<p><\/p>\n\n\n\n<div class=\"wp-block-group is-layout-constrained wp-container-core-group-is-layout-19e250f3 wp-block-group-is-layout-constrained\">\n<p>D\u00e9roulement du stage :<\/p>\n\n\n\n<p>Samedi :<\/p>\n\n\n\n<ul class=\"wp-block-list\">\n<li>D\u00e9couverte de la technique \u00e0 travers des plaques existantes et de leurs tirages.<\/li>\n<\/ul>\n\n\n\n<ul class=\"wp-block-list\">\n<li>Explication des \u00e9tapes pour la pr\u00e9paration de la plaque : comment bercer, biseauter, etc.<\/li>\n<\/ul>\n\n\n\n<ul class=\"wp-block-list\">\n<li>Transposition du dessin sur la plaque berc\u00e9e et d\u00e9marrage de la gravure.<\/li>\n<\/ul>\n\n\n\n<p>Dimanche :<\/p>\n\n\n\n<ul class=\"wp-block-list\">\n<li>Suite de la gravure et explication sur les impressions des mani\u00e8res noires.<\/li>\n<\/ul>\n\n\n\n<ul class=\"wp-block-list\">\n<li>Impressions d\u2019essais et derni\u00e8res retouches sur les plaques.<\/li>\n<\/ul>\n\n\n\n<ul class=\"wp-block-list\">\n<li>Tirages.<\/li>\n<\/ul>\n<\/div>\n\n\n\n<p><\/p>\n\n\n\n<div class=\"wp-block-group is-layout-constrained wp-container-core-group-is-layout-19e250f3 wp-block-group-is-layout-constrained\">\n<p>Intervenante : Ximena de Leon Lucero<\/p>\n\n\n\n<p>Horaires : samedi et dimanche 10h\/16h (avec une pause repas d\u2019une heure)<\/p>\n\n\n\n<p><\/p>\n\n\n\n<p>Tarif unique : 135\u20ac + 15\u20ac d\u2019adh\u00e9sion \u00e0 l\u2019association si vous n\u2019\u00eates pas encore adh\u00e9rent.<\/p>\n\n\n\n<p><em>Ce tarif comprend la totalit\u00e9 du mat\u00e9riel requis pour le stage (encres, solvants, supports, papier\u2026).<\/em> <em>Il est n\u00e9cessaire de vous <a href=\"mailto:info@atelierdelamaingauche.fr\">inscrire<\/a> \u00e0 l&#8217;avance pour participer \u00e0 ce stage.<\/em><\/p>\n<\/div>\n\n\n\n<p><\/p>\n\n\n\n<div class=\"wp-block-group is-layout-constrained wp-container-core-group-is-layout-19e250f3 wp-block-group-is-layout-constrained\">\n<p>Le site de Ximena : <a href=\"http:\/\/ximena-art.com\">ximena-art.com<\/a><\/p>\n<\/div>\n<\/div>\n<\/div>\n<\/div>\n","protected":false},"excerpt":{"rendered":"<p>Week-end du 27 et 28 juin 2026 L&#8217;Atelier de la Main Gauche propose un stage de pratique de la mani\u00e8re noire avec Ximena. Attention, il est imp\u00e9ratif d&#8217;avoir d\u00e9j\u00e0 quelques bases de gravure en taille-douce pour participer \u00e0 ce stage. D\u00e9roulement du stage : Samedi : Dimanche : Intervenante : Ximena de Leon Lucero Horaires [&hellip;]<\/p>\n","protected":false},"author":1,"featured_media":0,"parent":159,"menu_order":4,"comment_status":"closed","ping_status":"closed","template":"","meta":{"footnotes":""},"class_list":["post-213","page","type-page","status-publish","hentry"],"_links":{"self":[{"href":"http:\/\/atelierdelamaingauche.fr\/index.php\/wp-json\/wp\/v2\/pages\/213","targetHints":{"allow":["GET"]}}],"collection":[{"href":"http:\/\/atelierdelamaingauche.fr\/index.php\/wp-json\/wp\/v2\/pages"}],"about":[{"href":"http:\/\/atelierdelamaingauche.fr\/index.php\/wp-json\/wp\/v2\/types\/page"}],"author":[{"embeddable":true,"href":"http:\/\/atelierdelamaingauche.fr\/index.php\/wp-json\/wp\/v2\/users\/1"}],"replies":[{"embeddable":true,"href":"http:\/\/atelierdelamaingauche.fr\/index.php\/wp-json\/wp\/v2\/comments?post=213"}],"version-history":[{"count":10,"href":"http:\/\/atelierdelamaingauche.fr\/index.php\/wp-json\/wp\/v2\/pages\/213\/revisions"}],"predecessor-version":[{"id":674,"href":"http:\/\/atelierdelamaingauche.fr\/index.php\/wp-json\/wp\/v2\/pages\/213\/revisions\/674"}],"up":[{"embeddable":true,"href":"http:\/\/atelierdelamaingauche.fr\/index.php\/wp-json\/wp\/v2\/pages\/159"}],"wp:attachment":[{"href":"http:\/\/atelierdelamaingauche.fr\/index.php\/wp-json\/wp\/v2\/media?parent=213"}],"curies":[{"name":"wp","href":"https:\/\/api.w.org\/{rel}","templated":true}]}}